{"id":76,"date":"2022-10-28T16:33:46","date_gmt":"2022-10-28T20:03:46","guid":{"rendered":"https:\/\/secuelas.artes.udelar.edu.uy\/?page_id=76"},"modified":"2022-10-28T16:33:46","modified_gmt":"2022-10-28T20:03:46","slug":"exposiciones-actuales","status":"publish","type":"page","link":"https:\/\/secuelas.artes.udelar.edu.uy\/?page_id=76","title":{"rendered":"Exposiciones Actuales"},"content":{"rendered":"<ul class=\"wp-block-latest-posts__list todas-las-publicaciones wp-block-latest-posts\"><li><div class=\"wp-block-latest-posts__featured-image\"><img loading=\"lazy\" decoding=\"async\" width=\"1024\" height=\"512\" src=\"https:\/\/secuelas.artes.udelar.edu.uy\/wp-content\/uploads\/2023\/12\/algo-oultan-banner-actual-1024x512.png\" class=\"attachment-large size-large wp-post-image\" alt=\"\" style=\"\" srcset=\"https:\/\/secuelas.artes.udelar.edu.uy\/wp-content\/uploads\/2023\/12\/algo-oultan-banner-actual-1024x512.png 1024w, https:\/\/secuelas.artes.udelar.edu.uy\/wp-content\/uploads\/2023\/12\/algo-oultan-banner-actual-300x150.png 300w, https:\/\/secuelas.artes.udelar.edu.uy\/wp-content\/uploads\/2023\/12\/algo-oultan-banner-actual-768x384.png 768w, https:\/\/secuelas.artes.udelar.edu.uy\/wp-content\/uploads\/2023\/12\/algo-oultan-banner-actual-1536x768.png 1536w, https:\/\/secuelas.artes.udelar.edu.uy\/wp-content\/uploads\/2023\/12\/algo-oultan-banner-actual-2048x1024.png 2048w\" sizes=\"auto, (max-width: 1024px) 100vw, 1024px\" \/><\/div><a class=\"wp-block-latest-posts__post-title\" href=\"https:\/\/secuelas.artes.udelar.edu.uy\/?p=1203\">Algo ocultan<\/a><div class=\"wp-block-latest-posts__post-excerpt\">Visualidades del 300 Carlos \u00abInfierno grande\u00bb Muestra del Espacio de Formaci\u00f3n Integral Yo lo vi 2022 Algo Ocultan es una muestra de obras de estudiantes de Facultad de Artes, producidas a partir de\u2026 <a class=\"wp-block-latest-posts__read-more\" href=\"https:\/\/secuelas.artes.udelar.edu.uy\/?p=1203\" rel=\"noopener noreferrer\">Read more<span class=\"screen-reader-text\">: Algo ocultan<\/span><\/a><\/div><\/li>\n<li><div class=\"wp-block-latest-posts__featured-image\"><img loading=\"lazy\" decoding=\"async\" width=\"1024\" height=\"380\" src=\"https:\/\/secuelas.artes.udelar.edu.uy\/wp-content\/uploads\/2023\/03\/Pronta-1024x380.jpg\" class=\"attachment-large size-large wp-post-image\" alt=\"\" style=\"\" srcset=\"https:\/\/secuelas.artes.udelar.edu.uy\/wp-content\/uploads\/2023\/03\/Pronta-1024x380.jpg 1024w, https:\/\/secuelas.artes.udelar.edu.uy\/wp-content\/uploads\/2023\/03\/Pronta-300x111.jpg 300w, https:\/\/secuelas.artes.udelar.edu.uy\/wp-content\/uploads\/2023\/03\/Pronta-768x285.jpg 768w, https:\/\/secuelas.artes.udelar.edu.uy\/wp-content\/uploads\/2023\/03\/Pronta-1536x571.jpg 1536w, https:\/\/secuelas.artes.udelar.edu.uy\/wp-content\/uploads\/2023\/03\/Pronta-2048x761.jpg 2048w\" sizes=\"auto, (max-width: 1024px) 100vw, 1024px\" \/><\/div><a class=\"wp-block-latest-posts__post-title\" href=\"https:\/\/secuelas.artes.udelar.edu.uy\/?p=1021\">MUJERES \/ Acervo Art\u00edstico Institucional<\/a><div class=\"wp-block-latest-posts__post-excerpt\">En el marco del 8M de 2023, con mucho agrado presentamos la muestra MUJERES, conformada por obras de cada una de las autoras que integran el Acervo Art\u00edstico Institucional de la Facultad de Artes.\n\nEsta iniciativa surge a partir de la colaboraci\u00f3n desde la Unidad de Extensi\u00f3n a la convocatoria realizada en 2021 por la Comisi\u00f3n de G\u00e9nero y Diversidad de la Facultad de Artes para la exposici\u00f3n TRAMAS de RESISTENCIA, realizada en la Sala de Exposiciones de Facultad y tambi\u00e9n alojada en la plataforma web Secuelas.\n\nLas obras corresponden a autoras docentes, estudiantes y egresadas del entonces IENBA, realizadas en diversos lenguajes\n\nEn esta oportunidad compartimos a 67 autoras, acompa\u00f1adas de un texto producido por la Comisi\u00f3n de G\u00e9nero y Diversidad de Facultad de Artes.<\/div><\/li>\n<li><div class=\"wp-block-latest-posts__featured-image\"><img loading=\"lazy\" decoding=\"async\" width=\"1024\" height=\"389\" src=\"https:\/\/secuelas.artes.udelar.edu.uy\/wp-content\/uploads\/2022\/11\/15.png\" class=\"attachment-large size-large wp-post-image\" alt=\"\" style=\"\" \/><\/div><a class=\"wp-block-latest-posts__post-title\" href=\"https:\/\/secuelas.artes.udelar.edu.uy\/?p=977\">Lo que tocamos nos toca<\/a><div class=\"wp-block-latest-posts__post-excerpt\">Esta presentaci\u00f3n es una suerte de celebraci\u00f3n que busca se\u00f1alar un momento crucial de la Facultad de Artes y la Danza en Uruguay: la graduaci\u00f3n de la primera generaci\u00f3n de la Licenciatura en Danza Contempor\u00e1nea.\n\nAqu\u00ed se acogen seis propuestas de estudiantes presentadas a una convocatoria lanzada en agosto de 2022 y orientada a recoger parte de lo producido en el marco de los cursos de estos casi cinco a\u00f1os de vida institucional. Estas seis propuestas son HUMO, La COSA en lo BASURA, Se\u00f1alamiento, Oda a Mario Levrero, Mo-materia org\u00e1nica y Hasta que el folclore me acaricie.<\/div><\/li>\n<li><div class=\"wp-block-latest-posts__featured-image\"><img loading=\"lazy\" decoding=\"async\" width=\"1024\" height=\"392\" src=\"https:\/\/secuelas.artes.udelar.edu.uy\/wp-content\/uploads\/2022\/11\/13.png\" class=\"attachment-large size-large wp-post-image\" alt=\"\" style=\"\" \/><\/div><a class=\"wp-block-latest-posts__post-title\" href=\"https:\/\/secuelas.artes.udelar.edu.uy\/?p=931\">TRAMAS DE RESISTENCIA<\/a><div class=\"wp-block-latest-posts__post-excerpt\">Un di\u00e1logo entre g\u00e9neros, diversidades y pr\u00e1cticas art\u00edsticas\n\nEsta exposici\u00f3n se enmarca en el proceso de constituci\u00f3n de Facultad de Artes y en la apuesta a la transversalizaci\u00f3n de las perspectivas de g\u00e9nero en nuestro colectivo. Se trata de un primer llamado a\u00a0la comunidad de Facultad de Artes a construir una trama plural y multidisciplinar.\n\nLas nueve propuestas que conforman la muestra tensionan las categor\u00edas identitarias, dialogan con el deseo y el dolor, apelan a la memoria, celebran la soberan\u00eda de los cuerpos y denuncian cr\u00edmenes\u00a0y violencias.<\/div><\/li>\n<\/ul>","protected":false},"excerpt":{"rendered":"","protected":false},"author":1,"featured_media":0,"parent":0,"menu_order":0,"comment_status":"closed","ping_status":"closed","template":"","meta":{"_uag_custom_page_level_css":"","ub_ctt_via":"","footnotes":""},"class_list":["post-76","page","type-page","status-publish","hentry"],"featured_image_src":null,"uagb_featured_image_src":{"full":false,"thumbnail":false,"medium":false,"medium_large":false,"large":false,"1536x1536":false,"2048x2048":false},"uagb_author_info":{"display_name":"soporteweb","author_link":"https:\/\/secuelas.artes.udelar.edu.uy\/?author=1"},"uagb_comment_info":0,"uagb_excerpt":null,"_links":{"self":[{"href":"https:\/\/secuelas.artes.udelar.edu.uy\/index.php?rest_route=\/wp\/v2\/pages\/76","targetHints":{"allow":["GET"]}}],"collection":[{"href":"https:\/\/secuelas.artes.udelar.edu.uy\/index.php?rest_route=\/wp\/v2\/pages"}],"about":[{"href":"https:\/\/secuelas.artes.udelar.edu.uy\/index.php?rest_route=\/wp\/v2\/types\/page"}],"author":[{"embeddable":true,"href":"https:\/\/secuelas.artes.udelar.edu.uy\/index.php?rest_route=\/wp\/v2\/users\/1"}],"replies":[{"embeddable":true,"href":"https:\/\/secuelas.artes.udelar.edu.uy\/index.php?rest_route=%2Fwp%2Fv2%2Fcomments&post=76"}],"version-history":[{"count":1,"href":"https:\/\/secuelas.artes.udelar.edu.uy\/index.php?rest_route=\/wp\/v2\/pages\/76\/revisions"}],"predecessor-version":[{"id":78,"href":"https:\/\/secuelas.artes.udelar.edu.uy\/index.php?rest_route=\/wp\/v2\/pages\/76\/revisions\/78"}],"wp:attachment":[{"href":"https:\/\/secuelas.artes.udelar.edu.uy\/index.php?rest_route=%2Fwp%2Fv2%2Fmedia&parent=76"}],"curies":[{"name":"wp","href":"https:\/\/api.w.org\/{rel}","templated":true}]}}